
101011
Convert 213 (base 4) to base 14.
2b
-8 (base 11) to base 6
-12
-2 (base 3) to base 5
-2
Convert -110100 (base 2) to base 14.
-3a
1311 (base 5) to base 7
413
-5 (base 10) to base 4
-11
Convert 96 (base 11) to base 2.
1101001
What is 131 (base 9) in base 12?
91
What is -1030 (base 5) in base 11?
-118
1 (base 8) to base 16
1
-6 (base 15) to base 4
-12
-1 (base 13) to base 7
-1
-11 (base 4) to base 16
-5
What is 2 (base 8) in base 2?
10
-4 (base 10) to base 14
-4
Convert -b (base 12) to base 15.
-b
-74 (base 8) to base 4
-330
Convert 4 (base 6) to base 8.
4
What is 2 (base 6) in base 2?
10
Convert -3 (base 5) to base 4.
-3
0 (base 12) to base 9
0
What is e3 (base 15) in base 4?
3111
Convert 2 (base 13) to base 6.
2
What is 8 (base 10) in base 7?
11
What is 2 (base 9) in base 16?
2
-1 (base 16) to base 10
-1
Convert -221 (base 5) to base 13.
-49
What is -520 (base 6) in base 8?
-300
Convert 2 (base 15) to base 10.
2
What is -27 (base 11) in base 12?
-25
Convert 2 (base 3) to base 5.
2
1 (base 2) to base 15
1
What is 15 (base 7) in base 14?
c
Convert -1 (base 2) to base 13.
-1
8 (base 11) to base 6
12
5 (base 15) to base 9
5
170 (base 8) to base 5
440
Convert 121 (base 5) to base 7.
51
Convert 45 (base 9) to base 7.
56
14 (base 9) to base 3
111
What is 1100101 (base 2) in base 11?
92
Convert 1101 (base 3) to base 6.
101
-28 (base 9) to base 14
-1c
12 (base 3) to base 16
5
Convert -11111 (base 2) to base 5.
-111
What is -17a (base 15) in base 16?
-154
Convert -40 (base 8) to base 11.
-2a
Convert -6a (base 14) to base 15.
-64
12 (base 5) to base 15
7
What is -3 (base 12) in base 4?
-3
What is -2 (base 14) in base 8?
-2
10 (base 9) to base 7
12
Convert 21 (base 9) to base 7.
25
-5 (base 11) to base 7
-5
What is 1b (base 12) in base 3?
212
Convert -5 (base 15) to base 7.
-5
236 (base 7) to base 4
1331
46 (base 15) to base 4
1002
5 (base 9) to base 12
5
122 (base 4) to base 8
32
What is -148 (base 9) in base 10?
-125
Convert 3d (base 15) to base 11.
53
Convert -222 (base 3) to base 7.
-35
Convert 35 (base 8) to base 10.
29
Convert 4 (base 14) to base 2.
100
7 (base 15) to base 11
7
1230 (base 5) to base 3
21001
What is -5 (base 15) in base 9?
-5
What is 6 (base 7) in base 10?
6
0 (base 3) to base 15
0
1 (base 15) to base 5
1
-d (base 14) to base 16
-d
Convert -7a (base 11) to base 12.
-73
106 (base 9) to base 15
5c
2 (base 5) to base 2
10
136 (base 7) to base 9
84
13 (base 8) to base 9
12
What is -3 (base 8) in base 12?
-3
3 (base 8) to base 9
3
What is f (base 16) in base 8?
17
-20 (base 4) to base 3
-22
Convert -20 (base 12) to base 2.
-11000
Convert -3 (base 14) to base 15.
-3
-287 (base 11) to base 7
-661
What is 42 (base 16) in base 3?
2110
Convert 1 (base 3) to base 5.
1
Convert -3 (base 11) to base 8.
-3
What is 242 (base 6) in base 4?
1202
3f (base 16) to base 5
223
What is -5 (base 13) in base 14?
-5
Convert d0 (base 14) to base 15.
c2
What is 2a (base 14) in base 3?
1102
-12 (base 14) to base 6
-24
What is -1313 (base 5) in base 2?
-11010000
What is -2 (base 6) in base 8?
-2
Convert -20 (base 13) to base 10.
-26
What is 10110 (base 2) in base 15?
17
Convert -14 (base 6) to base 7.
-13
What is 5 (base 9) in base 5?
10
What is -3 (base 6) in base 13?
-3
Convert 180 (base 15) to base 7.
1002
11 (base 2) to base 15
3
Convert -70 (base 14) to base 15.
-68
-1 (base 7) to base 2
-1
-5 (base 10) to base 5
-10
What is 4 (base 16) in base 9?
4
What is 0 (base 11) in base 8?
0
-2a (base 13) to base 6
-100
-200 (base 4) to base 7
-44
Convert -11 (base 2) to base 7.
-3
-151 (base 13) to base 11
-1a4
Convert 9 (base 13) to base 3.
100
Convert 27 (base 16) to base 13.
30
What is 0 (base 4) in base 14?
0
-31 (base 9) to base 10
-28
What is 18 (base 9) in base 2?
10001
What is -10 (base 10) in base 6?
-14
-212 (base 3) to base 13
-1a
-210 (base 3) to base 9
-23
What is -5 (base 7) in base 16?
-5
Convert 3 (base 6) to base 9.
3
-4 (base 6) to base 16
-4
What is 112 (base 5) in base 4?
200
What is -b (base 14) in base 13?
-b
Convert 3 (base 10) to base 9.
3
What is 1 (base 9) in base 10?
1
Convert 11 (base 2) to base 6.
3
-2 (base 8) to base 10
-2
What is -3 (base 9) in base 3?
-10
-a4 (base 15) to base 4
-2122
What is -173 (base 8) in base 13?
-96
Convert a0 (base 14) to base 2.
10001100
Convert -10 (base 13) to base 8.
-15
Convert -171 (base 14) to base 4.
-10213
-3 (base 16) to base 5
-3
-15 (base 15) to base 16
-14
What is 0 (base 2) in base 3?
0
Convert 1 (base 12) to base 14.
1
What is 3 (base 11) in base 2?
11
-10 (base 2) to base 14
-2
13 (base 16) to base 3
201
Convert 2 (base 11) to base 5.
2
Convert 5 (base 16) to base 8.
5
19 (base 11) to base 10
20
Convert -4 (base 12) to base 11.
-4
7 (base 11) to base 16
7
Convert -30 (base 7) to base 11.
-1a
What is -6 (base 9) in base 7?
-6
-2 (base 13) to base 7
-2
a (base 11) to base 4
22
What is 0 (base 5) in base 8?
0
-75 (base 9) to base 4
-1010
Convert -7 (base 11) to base 8.
-7
-11 (base 10) to base 8
-13
What is -7 (base 16) in base 9?
-7
Convert -102 (base 3) to base 13.
-b
What is 1330 (base 5) in base 9?
258
What is 12 (base 14) in base 13?
13
What is -20 (base 3) in base 11?
-6
What is 12 (base 4) in base 13?
6
4 (base 7) to base 5
4
-1 (base 16) to base 4
-1
Convert -48 (base 15) to base 12.
-58
Convert 1 (base 11) to base 8.
1
Convert -1 (base 13) to base 4.
-1
What is -4 (base 16) in base 9?
-4
Convert 3 (base 4) to base 5.
3
Convert -256 (base 10) to base 3.
-100111
What is 69 (base 12) in base 16?
51
What is -2 (base 5) in base 12?
-2
Convert -1 (base 5) to base 8.
-1
Convert 202 (base 3) to base 14.
16
38 (base 10) to base 14
2a
50 (base 7) to base 9
38
What is -1 (base 16) in base 11?
-1
What is 303 (base 9) in base 14?
138
What is a (base 15) in base 14?
a
Convert -7 (base 10) to base 5.
-12
10 (base 8) to base 5
13
Convert -11 (base 7) to base 4.
-20
-11002 (base 3) to base 15
-75
What is -1 (base 15) in base 5?
-1
What is -3 (base 11) in base 3?
-10
Convert 11 (base 2) to base 15.
3
153 (base 8) to base 6
255
What is -2 (base 7) in base 6?
-2
Convert 1 (base 5) to base 13.
1
Convert -3 (base 9) to base 7.
-3
Convert 281 (base 9) to base 2.
11101011
33 (base 16) to base 11
47
What is -35 (base 15) in base 10?
-50
What is 7 (base 8) in base 2?
111
Convert 1 (base 7) to base 3.
1
What is 11 (base 6) in base 8?
7
What is -12 (base 16) in base 7?
-24
Convert -c (base 14) to base 2.
-1100
100 (base 2) to base 14
4
What is 12 (base 14) in base 13?
13
Convert 144 (base 5) to base 8.
61
What is 2 (base 14) in base 6?
2
What is -43 (base 7) in base 3?
-1011
-230 (base 6) to base 16
-5a
3 (base 14) to base 12
3
What is -22 (base 4) in base 5?
-20
What is 49 (base 10) in base 2?
110001
What is -40 (base 8) in base 14?
-24
What is 52 (base 12) in base 3?
2022
0 (base 11) to base 4
0
-1001110 (base 2) to base 16
-4e
Convert 2 (base 7) to base 11.
2
Convert -2a (base 13) to base 9.
-40
151 (base 9) to base 8
177
What is -80 (base 10) in base 14?
-5a
Convert -43 (base 7) to base 14.
-23
-142 (base 8) to base 3
-10122
10101 (base 2) to base 6
33
Convert -3 (base 6) to base 9.
-3
9 (base 12) to base 13
9
Convert -122 (base 4) to base 5.
-101
Convert -324 (base 5) to base 8.
-131
6 (base 10) to base 9
6
What is -232 (base 7) in base 8?
-171
Convert 83 (base 11) to base 14.
67
Convert -66 (base 15) to base 7.
-165
What is 106 (base 7) in base 13?
43
What is -1 (base 12) in base 6?
-1
What is -5 (base 7) in base 8?
-5
Convert 30 (base 5) to base 16.
f
What is 0 (base 6) in base 8?
0
Convert 1a (base 15) to base 9.
27
What is 12 (base 7) in base 13?
9
-1 (base 12) to base 7
-1
-13 (base 8) to base 5
-21
-14 (base 11) to base 12
-13
Convert -189 (base 12) to base 11.
-207
Convert -11 (base 16) to base 13.
-14
Convert -70 (base 14) to base 2.
-1100010
Convert -c1 (base 15) to base 4.
-2311
What is 133 (base 5) in base 6?
111
Convert 53 (base 8) to base 9.
47
Convert d2 (base 14) to base 11.
158
-250 (base 6) to base 11
-93
Convert 17 (base 16) to base 6.
35
What is -5 (base 9) in base 13?
-5
Convert -21 (base 8) to base 6.
-25
1301 (base 4) to base 2
1110001
-2 (base 15) to base 3
-2
Convert 1 (base 3) to base 8.
1
What is -1 (base 16) in base 8?
-1
Convert -1101100 (base 2) to base 6.
-300
Convert -b 